32?
5
What is the hundreds digit of 487?
4
What is the ten thousands digit of 33603?
3
What is the thousands digit of 2288?
2
What is the units digit of 92755?
5
What is the units digit of 150?
0
What is the tens digit of 996?
9
What is the tens digit of 811?
1
What is the ten thousands digit of 25058?
2
What is the tens digit of 1446?
4
What is the units digit of 328?
8
What is the units digit of 791?
1
What is the hundreds digit of 134374?
3
What is the tens digit of 74563?
6
What is the units digit of 149512?
2
What is the tens digit of 80322?
2
What is the thousands digit of 6590?
6
What is the units digit of 19438?
8
What is the tens digit of 13385?
8
What is the units digit of 7122?
2
What is the units digit of 594?
4
What is the ten thousands digit of 108381?
0
What is the units digit of 8660?
0
What is the units digit of 776?
6
What is the tens digit of 366?
6
What is the units digit of 1133?
3
What is the ten thousands digit of 11941?
1
What is the units digit of 7398?
8
What is the units digit of 4288?
8
What is the units digit of 760?
0
What is the tens digit of 255?
5
What is the thousands digit of 2789?
2
What is the units digit of 64148?
8
What is the units digit of 20453?
3
What is the units digit of 7692?
2
What is the units digit of 19474?
4
What is the tens digit of 10906?
0
What is the ten thousands digit of 20686?
2
What is the ten thousands digit of 29435?
2
What is the tens digit of 825?
2
What is the hundreds digit of 52485?
4
What is the hundreds digit of 710?
7
What is the hundreds digit of 219?
2
What is the ten thousands digit of 14136?
1
What is the thousands digit of 25619?
5
What is the units digit of 1578?
8
What is the ten thousands digit of 38393?
3
What is the tens digit of 8663?
6
What is the thousands digit of 11970?
1
What is the hundreds digit of 667?
6
What is the ten thousands digit of 37445?
3
What is the tens digit of 1008?
0
What is the units digit of 12256?
6
What is the tens digit of 1775?
7
What is the units digit of 927?
7
What is the hundreds digit of 200?
2
What is the hundreds digit of 3498?
4
What is the tens digit of 37713?
1
What is the tens digit of 724?
2
What is the hundreds digit of 334?
3
What is the tens digit of 10497?
9
What is the ten thousands digit of 13328?
1
What is the units digit of 85439?
9
What is the ten thousands digit of 32932?
3
What is the tens digit of 2018?
1
What is the thousands digit of 3781?
3
What is the tens digit of 6781?
8
What is the ten thousands digit of 36831?
3
What is the hundreds digit of 66341?
3
What is the ten thousands digit of 15855?
1
What is the units digit of 3219?
9
What is the tens digit of 38070?
7
What is the units digit of 90?
0
What is the tens digit of 1025?
2
What is the tens digit of 1186?
8
What is the hundreds digit of 47323?
3
What is the tens digit of 5932?
3
What is the tens digit of 45080?
8
What is the units digit of 155?
5
What is the thousands digit of 47670?
7
What is the thousands digit of 5608?
5
What is the hundreds digit of 112135?
1
What is the thousands digit of 14445?
4
What is the ten thousands digit of 37080?
3
What is the units digit of 1468?
8
What is the hundreds digit of 5964?
9
What is the tens digit of 181841?
4
What is the units digit of 8099?
9
What is the thousands digit of 43688?
3
What is the tens digit of 10312?
1
What is the hundreds digit of 134?
1
What is the thousands digit of 49976?
9
What is the hundreds digit of 4185?
1
What is the thousands digit of 2839?
2
What is the hundreds digit of 1980?
9
What is the thousands digit of 109766?
9
What is the tens digit of 134811?
1
What is the units digit of 19529?
9
What is the tens digit of 97?
9
What is the ten thousands digit of 41397?
4
What is the thousands digit of 1219?
1
What is the ten thousands digit of 44023?
4
What is the thousands digit of 36937?
6
What is the thousands digit of 25740?
5
What is the units digit of 2170?
0
What is the hundreds digit of 7292?
2
What is the units digit of 68404?
4
What is the thousands digit of 1432?
1
What is the hundreds digit of 14498?
4
What is the ten thousands digit of 12253?
1
What is the thousands digit of 62393?
2
What is the units digit of 4?
4
What is the tens digit of 277?
7
What is the tens digit of 267?
6
What is the hundreds digit of 1333?
3
What is the hundreds digit of 24124?
1
What is the hundreds digit of 7681?
6
What is the units digit of 21317?
7
What is the tens digit of 6956?
5
What is the ten thousands digit of 22021?
2
What is the tens digit of 3940?
4
What is the ten thousands digit of 11223?
1
What is the thousands digit of 16544?
6
What is the units digit of 1043?
3
What is the hundreds digit of 605?
6
What is the thousands digit of 3043?
3
What is the hundreds digit of 12004?
0
What is the units digit of 85738?
8
What is the tens digit of 3140?
4
What is the units digit of 5219?
9
What is the hundreds digit of 12104?
1
What is the hundred thousands digit of 122504?
1
What is the units digit of 39823?
3
What is the thousands digit of 17390?
7
What is the hundreds digit of 3742?
7
What is the tens digit of 8770?
7
What is the hundreds digit of 4147?
1
What is the units digit of 377?
7
What is the thousands digit of 3143?
3
What is the hundreds digit of 773?
7
What is the hundreds digit of 58622?
6
What is the tens digit of 12589?
8
What is the units digit of 23381?
1
What is the hundreds digit of 3386?
3
What is the hundreds digit of 643?
6
What is the thousands digit of 21550?
1
What is the hundreds digit of 86518?
5
What is the units digit of 1835?
5
What is the units digit of 91?
1
What is the tens digit of 83381?
8
What is the tens digit of 18192?
9
What is the tens digit of 762?
6
What is the thousands digit of 4363?
4
What is the units digit of 8991?
1
What is the units digit of 2639?
9
What is the units digit of 5738?
8
What is the thousands digit of 65096?
5
What is the thousands digit of 15190?
5
What is the hundreds digit of 466?
4
What is the thousands digit of 51075?
1
What is the units digit of 1054?
4
What is the tens digit of 1059?
5
What is the hundreds digit of 2880?
8
What is the tens digit of 48704?
0
What is the hundreds digit of 1457?
4
What is the hundreds digit of 1657?
6
What is the units digit of 707?
7
What is the thousands digit of 2576?
2
What is the tens digit of 1701?
0
What is the units digit of 1020?
0
What is the tens digit of 2805?
0
What is the thousands digit of 4003?
4
What is the units digit of 2564?
4
What is the units digit of 2715?
5
What is the hundreds digit of 3601?
6
What is the tens digit of 4867?
6
What is the ten thousands digit of 59736?
5
What is the thousands digit of 4147?
4
What is the tens digit of 1039?
3
What is the tens digit of 55249?
4
What is the units digit of 45428?
8
What is the thousands digit of 1138?
1
What is the ten thousands digit of 15016?
1
What is the units digit of 10180?
0
What is the hundreds digit of 1180?
1
What is the thousands digit of 7271?
7
What is the hundreds digit of 824?
8
What is the tens digit of 65269?
6
What is the hundreds digit of 8911?
9
What is the tens digit of 441?
4
What is the thousands digit of 3322?
3
What is the units digit of 39824?
4
What is the tens digit of 3006?
0
What is the units digit of 1782?
2
What is the tens digit of 12634?
3
What is the hundreds digit of 654?
6
What is the units digit of 33060?
0
What is the thousands digit of 17730?
7
What is the units digit of 9231?
1
What is the hundreds digit of 31320?
3
What is the tens digit of 20023?
2
What is the units digit of 1001?
1
What is the hundreds digit of 35715?
7
What is the thousands digit of 8531?
8
What is the hundreds digit of 54666?
6
What is the hundreds digit of 1178?
1
What is the thousands digit of 18278?
8
What is the tens digit of 13454?
5
What is the units digit of 164?
4
What is the units digit of 1788?
8
What is the tens digit of 24284?
8
What is the hundreds digit of 3744?
7
What is the tens digit of 19951?
5
What is the hundred thousands digit of 167004?
1
What is the hundreds digit of 24031?
0
What is the tens digit of 784?
8
What is the hundreds digit of 699?
6
What is the tens digit of 134189?
8
What is the units digit of 42203?
3
What is the thousands digit of 2579?
2
What is the units digit of 538?
8